{"id":67,"date":"2017-12-27T23:17:27","date_gmt":"2017-12-27T23:17:27","guid":{"rendered":"http:\/\/saxiom.de\/?page_id=67"},"modified":"2021-11-03T12:30:35","modified_gmt":"2021-11-03T12:30:35","slug":"vita","status":"publish","type":"page","link":"https:\/\/saxiom.de\/?page_id=67","title":{"rendered":"Vita"},"content":{"rendered":"<table id=\"big_wrap\" border=\"0\" width=\"944\" cellspacing=\"0\" cellpadding=\"0\">\n<tbody>\n<tr>\n<td class=\"box_bg\" width=\"35\"><\/td>\n<td colspan=\"2\">\n<table border=\"0\" width=\"100%\" cellspacing=\"0\" cellpadding=\"0\">\n<tbody>\n<tr>\n<td class=\"box_bg\" valign=\"top\">\n<div>\n<table border=\"0\" width=\"100%\" cellspacing=\"0\" cellpadding=\"0\">\n<tbody>\n<tr>\n<td width=\"100%\">\n<div align=\"left\">\n<p align=\"JUSTIFY\"><span style=\"font-family: Arial, sans-serif;\">Steph Winzen musizierte von fr\u00fchester Kindheit an. In ihrem famili\u00e4ren Umfeld war Musik allgegenw\u00e4rtig. Beide Eltern sind bis heute im Chor aktiv, der Vater spielte mehrere Musikinstrumente. Im d\u00f6rflichen Musikverein in der bayrischen Heimat begann Steph Winzen im Alter von 10 Jahren das Fl\u00fcgelhorn zu spielen. Aber erst zehn Jahre sp\u00e4ter sollte sie zum Saxophon kommen. Dazwischen schloss sie die Schule und eine Berufsausbildung ab. Als Technische Zeichnerin war sie zehn Jahre t\u00e4tig, bevor die Musik und das Saxophonspielen mehr und mehr ihren Lebensinhalt bestimmten. In dieser Zeit wirkte Steph Winzen bei verschiedensten Tanz-, Rock- und Bigbands mit, bei denen sie erste B\u00fchnenerfahrungen sammelte. <\/span><\/p>\n<p align=\"JUSTIFY\"><span style=\"font-family: Arial, sans-serif;\">Die Begeisterung f\u00fcr die Musik und die Faszination f\u00fcr das Instrument f\u00fchrten dazu, dass Steph Winzen 2004 zum Leidwesen dem Widerstand ihrer Familie die Sicherheit der b\u00e4uerlich gepr\u00e4gten Heimat und das Zeichenbrett endg\u00fcltig verlie\u00df, um ein Saxophonstudium an der Universit\u00e4t Mainz aufzunehmen. \u201eMit dem ersten Ton auf dem Saxophon fand ich meine innere Stimme. S\u00e4mtliche Gef\u00fchle lassen sich damit ausdr\u00fccken, Kraft, Schmerz, Trauer und alles, was dazwischen liegt. Ich wollte lernen all die Facetten des Instrumentes auszusch\u00f6pfen.\u201c, so die Musikerin \u00fcber die Wahl ihres Instrumentes.<\/span><\/p>\n<p align=\"JUSTIFY\"><span style=\"font-family: Arial, sans-serif;\">Von traditioneller Blasmusik und der Popmusik der 80er ist ihre Kindheit gepr\u00e4gt. Nachdem sie die Musik George Gershwins f\u00fcr sich entdeckt hatte, kam sie zum Jazz. Erst das Musikstudium er\u00f6ffnete Steph Winzen die Welt der klassischen Musik. Sie studierte bei den renommierten Saxophonistinnen Linda Bangs-Urban und Wardy Hamburg an der Mainzer Musikhochschule. 2009 schloss sie dort mit einem Diplom als Musiklehrerin ab, 2011 folgte das Diplom zur Orchestermusikerin. <\/span><\/p>\n<p align=\"JUSTIFY\"><span style=\"font-family: Arial, sans-serif;\">Heute sagt sie: \u201eDas Wichtigste als Musikerin ist es, offen zu bleiben, alles auszusprobieren und allem eine Chance zu geben. So ergeben sich ganz neue M\u00f6glichkeiten und auch neue Inspirationen.\u201c Steph Winzen wandert scheinbar m\u00fchelos zwischen den verschiedenen Genres und Instrumenten der Saxophonfamilie. Sie spielt alle Baugr\u00f6\u00dfen vom Bass- bis Sopraninosaxophon. Au\u00dferdem spielt sie Klarinette, Querfl\u00f6te und singt. <\/span><\/p>\n<p align=\"JUSTIFY\"><span style=\"font-family: Arial, sans-serif;\">F\u00fcr ein Genre entscheiden kann sie sich nur schwer. \u201eVielfalt ist immer eine Bereicherung\u201c, ist ihre Devise, \u201eob kulturell, gesellschaftlich oder am kalten Buffet. Zu Mozarts Zeiten gab es die Unterteilung in E- und U-Musik nicht. Und als das Saxophon erfunden wurde, existierte der Jazz noch gar nicht.\u201c, sagt sie. Ihr ist vor allem die Aussage der St\u00fccke wichtig.<\/span><\/p>\n<p align=\"JUSTIFY\"><span style=\"font-family: Arial, sans-serif;\">Heute geh\u00f6ren alle wichtigen Saxophonkonzerte, wie z.B. von Ibert, Glazunow, Villa-Lobos und Larsson zu ihrem Repertoire. Eine besondere Liebe verbindet sie mit der Musik Astor Piazzollas. \u201eEine Musik der Extreme, die sich aber jedem erschlie\u00dft. Piazzollas Musik ist f\u00fcr mich wie ein Sog.\u201c Aber auch auch unbekannten Komponisten gegen\u00fcber ist sie aufgeschlossen und freut sich Neues kennen zu lernen und aufzuf\u00fchren.<\/span><\/p>\n<p align=\"JUSTIFY\"><span style=\"font-family: Arial, sans-serif;\">Das bereits im Studium begonnene kammermusikalische Schaffen setzt Steph Winzen bis heute fort. Unter anderem spielt sie Konzerte mit dem gro\u00dfartigen Pianisten des HR-Sinfonieorchester Fritz Walther. <\/span><\/p>\n<p align=\"JUSTIFY\"><span style=\"font-family: Arial, sans-serif;\">Auch dem Jazz ist sie treu geblieben: im Saxophonquartett \u201eMainz 04\u201c spielt sie seit 2004 das Baritonsaxophon. In der Darmst\u00e4dter Magicsound-Bigband ist sie seit 2005 im Einsatz. Mit einem Saxophonduo spielt sie ein breites Repertoire von Barock \u00fcber Jazz bis Pop.<br \/>\n<\/span><\/p>\n<p align=\"JUSTIFY\"><span style=\"font-family: Arial, sans-serif;\">2016 ver\u00f6ffentlichte Steph Winzen beim Mainzer ARE-Verlag eine Solo-CD mit zeitgen\u00f6ssischer Musik, im selben Jahr erschien die Live-CD ihres Saxophonquartetts mit Jazz, Swing und Rock. Konzerte und Studioaufnahmen f\u00fchrten sie bisher nach England, Griechenland, Spanien, Frankreich und Italien. Auch Popmusik betreibt die Saxophonistin sozusagen immer noch hobbym\u00e4\u00dfig und spielt zusammen mit einem DJ bei exklusiven Veranstaltungen. Au\u00dferdem organisiert Steph Winzen die Daniel-Honsack-Ged\u00e4chtniskonzerte in Biebrich und Naurod.<\/span><\/p>\n<p align=\"JUSTIFY\"><span style=\"font-family: Arial, sans-serif;\">Ein weiteres Bet\u00e4tigungsfeld ist das Musizieren in verschiedenen Symphonie- und Symphonischen Blasorchestern. Dort wird sie gerne als Solistin oder als Dozentin f\u00fcr deren Probenphasen gebucht. \u00dcberhaupt spielt das Unterrichten eine wichtige Rolle in Steph Winzens Arbeit. Ihre Freude am Musizieren und das Verst\u00e4ndnis von Musik als Sprache zu vermitteln ist ihr ein gro\u00dfes Anliegen: \u201eIch glaube erst Musik macht uns zum Menschen. Sie zeigt uns alle H\u00f6hen und Tiefen, nicht nur im Wortsinn. Sie lehrt uns Achtsamkeit, Beharrlichkeit und Vieles mehr. Dinge, die auch im Alltag und im Zusammenleben eine immens gro\u00dfe Rolle spielen.\u201c Seit dem Jahr 2010 hat Steph Winzen einen Lehrauftrag f\u00fcr Saxophon am Peter-Cornelius-Konservatorium der Stadt Mainz, wo 2018 auch der Studiengang klassisches Saxophon mit ihr als Hauptfachdozentin eingerichtet wurde.<\/span><\/p>\n<p align=\"JUSTIFY\"><span style=\"font-family: Arial, sans-serif;\">2013 gr\u00fcndete Steph Winzen das Mainzer Saxophonorchester aus fortgeschrittenen Amateursaxophonisten, viele davon sind Sch\u00fcler der Saxophonistin. Steph Winzen \u00fcberzeugte ihre ehemalige Mentorin Linda Bangs-Urban, das Orchester aktiv mit zu gestalten. Zweimal j\u00e4hrlich finden unter ihrer Anleitung intensive Probenphasen statt, die f\u00fcr alle interessierten Saxophonisten offen stehen. <\/span><\/p>\n<p align=\"JUSTIFY\"><span style=\"font-family: Arial, sans-serif;\">2017 wurde Steph Winzen zur Mainzer Stadtmusikerin ernannt und 2019 war sie Schirmherrin f\u00fcr das Instrument des Jahres Saxophon in Rheinland-Pfalz.<\/span><\/p>\n<\/div>\n<\/td>\n<\/tr>\n<\/tbody>\n<\/table>\n<\/div>\n<\/td>\n<\/tr>\n<\/tbody>\n<\/table>\n<\/td>\n<\/tr>\n<\/tbody>\n<\/table>\n","protected":false},"excerpt":{"rendered":"<p>Steph Winzen musizierte von fr\u00fchester Kindheit an. In ihrem famili\u00e4ren Umfeld war Musik allgegenw\u00e4rtig. Beide Eltern sind bis heute im Chor aktiv, der Vater spielte mehrere Musikinstrumente. Im d\u00f6rflichen Musikverein in der bayrischen Heimat begann Steph Winzen im Alter von 10 Jahren das Fl\u00fcgelhorn zu spielen. Aber erst zehn Jahre sp\u00e4ter sollte sie zum Saxophon &hellip; <a href=\"https:\/\/saxiom.de\/?page_id=67\" class=\"more-link\"><span class=\"screen-reader-text\">Vita<\/span> weiterlesen<\/a><\/p>\n","protected":false},"author":1,"featured_media":0,"parent":0,"menu_order":0,"comment_status":"closed","ping_status":"closed","template":"","meta":{"advanced_seo_description":"","jetpack_seo_html_title":"","jetpack_seo_noindex":false,"jetpack_post_was_ever_published":false,"footnotes":""},"class_list":["post-67","page","type-page","status-publish","hentry"],"jetpack_sharing_enabled":true,"jetpack_shortlink":"https:\/\/wp.me\/P9vpc1-15","jetpack_likes_enabled":true,"jetpack-related-posts":[],"_links":{"self":[{"href":"https:\/\/saxiom.de\/index.php?rest_route=\/wp\/v2\/pages\/67","targetHints":{"allow":["GET"]}}],"collection":[{"href":"https:\/\/saxiom.de\/index.php?rest_route=\/wp\/v2\/pages"}],"about":[{"href":"https:\/\/saxiom.de\/index.php?rest_route=\/wp\/v2\/types\/page"}],"author":[{"embeddable":true,"href":"https:\/\/saxiom.de\/index.php?rest_route=\/wp\/v2\/users\/1"}],"replies":[{"embeddable":true,"href":"https:\/\/saxiom.de\/index.php?rest_route=%2Fwp%2Fv2%2Fcomments&post=67"}],"version-history":[{"count":8,"href":"https:\/\/saxiom.de\/index.php?rest_route=\/wp\/v2\/pages\/67\/revisions"}],"predecessor-version":[{"id":1314,"href":"https:\/\/saxiom.de\/index.php?rest_route=\/wp\/v2\/pages\/67\/revisions\/1314"}],"wp:attachment":[{"href":"https:\/\/saxiom.de\/index.php?rest_route=%2Fwp%2Fv2%2Fmedia&parent=67"}],"curies":[{"name":"wp","href":"https:\/\/api.w.org\/{rel}","templated":true}]}}